{"id":94,"date":"2025-02-03T12:52:42","date_gmt":"2025-02-03T11:52:42","guid":{"rendered":"http:\/\/localhost\/?page_id=94"},"modified":"2026-03-24T18:23:18","modified_gmt":"2026-03-24T17:23:18","slug":"willkommen-bei-taxi-ruf-euskirchen","status":"publish","type":"page","link":"https:\/\/taxi-ruf-euskirchen.de\/","title":{"rendered":"Willkommen bei Taxi Ruf Euskirchen"},"content":{"rendered":"\n<p class=\"has-text-align-center\">Wir heissen Sie herzlich Willkommen auf unserer neuen Webseite.<\/p>\n\n\n\n<p class=\"has-text-align-center\">Taxi Ruf Euskirchen ist ein seit 2014 in Euskirchen ans\u00e4ssiges Taxi Unternehmen, welches das ganze Jahr f\u00fcr seine Kunden da ist!<\/p>\n\n\n\n<p><\/p>\n\n\n\n<p><\/p>\n\n\n\n<p class=\"has-text-align-center\">Sie k\u00f6nnen direkt \u00fcber unser Kontaktformular ein Taxi bestellen oder uns eine Nachricht schreiben!<\/p>\n\n\n\n<p><\/p>\n\n\n\n<div class=\"wp-block-buttons is-content-justification-center is-layout-flex wp-container-core-buttons-is-layout-16018d1d wp-block-buttons-is-layout-flex\">\n<div class=\"wp-block-button\"><a class=\"wp-block-button__link wp-element-button\" href=\"https:\/\/taxi-ruf-euskirchen.de\/index.php\/unser-kontaktformular\/\">Zum Kontaktformular<\/a><\/div>\n<\/div>\n\n\n\n<p>Folgen Sie uns auf:<\/p>\n\n\n\n<p><\/p>\n\n\n\n<style>\n.container1 {\n\ttext-align: center;\n}\n\n.container2, .container3 {\n\tfloat: left;\n\twidth: 40%;\n\n}\n\n.insta_logo {\n\twidth: 10%;\n}\n<\/style>\n<div class=\"container1\">\n\t<div class=\"container2\">\n\t\t<a href=\"https:\/\/www.instagram.com\/taxiruf_eu\"><img decoding=\"async\" class=\"insta_logo\" src=\"https:\/\/taxi-ruf-euskirchen.de\/images\/instalogo.png\"><\/a>\n\t<\/div>\n\t<div class=\"container3\">\n\t\t<a href=\"https:\/\/www.facebook.com\/profile.php?id=61588083433038&#038;mibextid=wwXIfr&#038;rdid=oFOqNNvGODCMjpp7#\"><img decoding=\"async\" class=\"insta_logo\" src=\"https:\/\/taxi-ruf-euskirchen.de\/images\/fb_logo_png.png\"><\/a>\n\t<\/div>\n<div>\n","protected":false},"excerpt":{"rendered":"<p>Wir heissen Sie herzlich Willkommen auf unserer neuen Webseite. Taxi Ruf Euskirchen ist ein seit 2014 in Euskirchen ans\u00e4ssiges Taxi Unternehmen, welches das ganze Jahr f\u00fcr seine Kunden da ist! Sie k\u00f6nnen direkt \u00fcber unser Kontaktformular ein Taxi bestellen oder uns eine Nachricht schreiben! Folgen Sie uns auf:<\/p>\n","protected":false},"author":1,"featured_media":0,"parent":0,"menu_order":0,"comment_status":"closed","ping_status":"closed","template":"","meta":{"footnotes":""},"class_list":["post-94","page","type-page","status-publish","hentry"],"_links":{"self":[{"href":"https:\/\/taxi-ruf-euskirchen.de\/index.php\/wp-json\/wp\/v2\/pages\/94","targetHints":{"allow":["GET"]}}],"collection":[{"href":"https:\/\/taxi-ruf-euskirchen.de\/index.php\/wp-json\/wp\/v2\/pages"}],"about":[{"href":"https:\/\/taxi-ruf-euskirchen.de\/index.php\/wp-json\/wp\/v2\/types\/page"}],"author":[{"embeddable":true,"href":"https:\/\/taxi-ruf-euskirchen.de\/index.php\/wp-json\/wp\/v2\/users\/1"}],"replies":[{"embeddable":true,"href":"https:\/\/taxi-ruf-euskirchen.de\/index.php\/wp-json\/wp\/v2\/comments?post=94"}],"version-history":[{"count":24,"href":"https:\/\/taxi-ruf-euskirchen.de\/index.php\/wp-json\/wp\/v2\/pages\/94\/revisions"}],"predecessor-version":[{"id":239,"href":"https:\/\/taxi-ruf-euskirchen.de\/index.php\/wp-json\/wp\/v2\/pages\/94\/revisions\/239"}],"wp:attachment":[{"href":"https:\/\/taxi-ruf-euskirchen.de\/index.php\/wp-json\/wp\/v2\/media?parent=94"}],"curies":[{"name":"wp","href":"https:\/\/api.w.org\/{rel}","templated":true}]}}