{"id":3,"date":"2025-02-02T12:08:28","date_gmt":"2025-02-02T11:08:28","guid":{"rendered":"http:\/\/localhost\/?page_id=3"},"modified":"2025-02-03T11:19:38","modified_gmt":"2025-02-03T10:19:38","slug":"datenschutzerklaerung","status":"publish","type":"page","link":"https:\/\/taxi-ruf-euskirchen.de\/index.php\/datenschutzerklaerung\/","title":{"rendered":"Datenschutzerkl\u00e4rung"},"content":{"rendered":"\n<h2 class=\"wp-block-heading\">1. Genereller Umfang der Datenverarbeitung<\/h2>\n\n\n\n<p>Datenschutz nimmt einen hohen Stellenwert in unserer Gesellschaft ein. Wir richten uns nach der Datenschutzgrundverordnung (DSGVO), welche die Verarbeitung personenbezogener Daten einheitlich f\u00fcr die gesamte Europ\u00e4ische Union regelt und andere nationale Datenschutzgesetze der Mitgliedsstaaten sowie sonstiger datenschutzrechtlicher Bestimmungen. Wir erheben, verarbeiten und nutzen personenbezogene Daten grunds\u00e4tzlich nur, soweit dies zur Bereitstellung einer funktionsf\u00e4higen Website sowie f\u00fcr die Darstellung unserer Angebote und Erbringung unserer Leistungen erforderlich ist.<\/p>\n\n\n\n<p>Sie als Nutzer k\u00f6nnen unsere Webseiten grunds\u00e4tzlich besuchen, ohne Angaben zu Ihrer Person zu machen. Personenbezogene Daten werden nur erhoben und verwendet, soweit dies zur Bereitstellung einer funktionsf\u00e4higen Website sowie unserer Inhalte und Leistungen erforderlich ist. Die Erhebung und Verwendung Ihrer personenbezogener Daten erfolgt grunds\u00e4tzlich nur nach Ihrer Einwilligung. Eine Ausnahme gilt in solchen F\u00e4llen, in denen eine vorherige Einholung einer Einwilligung aus tats\u00e4chlichen Gr\u00fcnden nicht m\u00f6glich ist oder die Erhebung und Verarbeitung der Daten durch gesetzliche Vorschriften gestattet ist.<\/p>\n\n\n\n<p>Aus Sicherheitsgr\u00fcnden verwenden wir auf unserer Website ein SSL Zertifikat zum Bereitstellen sicherer Verbindungen durch Verschl\u00fcsselung s\u00e4mtlichen ein- und ausgehenden Datenverkehrs. Die Verschl\u00fcsselung erkennen Sie an dem Schloss-Symbol in Ihrer Browserzeile und daran, dass dort \u201ehttps:\/\/\u201c angezeigt wird.<\/p>\n\n\n\n<h2 class=\"wp-block-heading\">2. Name und Anschrift des Verantwortlichen f\u00fcr die Datenverarbeitung<\/h2>\n\n\n\n<p>Talha Mohammad<br>Spiegel Str. 4<br>53879 Euskirchen<br>Tel: +49 172 23 04 562<br>Mail: talha05 @ hotmail.de<br>Webseite: taxi-ruf-euskirchen.de<\/p>\n\n\n\n<h2 class=\"wp-block-heading\">3. Erfassung technischer Zugriffsdaten, Server-Logfiles<\/h2>\n\n\n\n<p>Bei jedem Aufruf unserer Internetseiten erfasst unser Webserver automatisiert Daten und Informationen vom Computersystem des von Ihnen verwendeten, aufrufenden Computers.<br><br>Folgende Daten werden hierbei erhoben:<\/p>\n\n\n\n<ul class=\"wp-block-list\">\n<li>Browsername und verwendete Version<\/li>\n\n\n\n<li>verwendetes Betriebssystem<\/li>\n\n\n\n<li>Internet-Service-Provider<\/li>\n\n\n\n<li>IP-Adresse<\/li>\n\n\n\n<li>Datum und Uhrzeit des Zugriffs<\/li>\n\n\n\n<li>Menge der gesendeten Daten<\/li>\n\n\n\n<li>Website, von der Sie auf unsere Website gelangen (Referrer-URL)<\/li>\n\n\n\n<li>Name und URL der \u00fcber unsere Website aufgerufen Dateien<\/li>\n\n\n\n<li>Standortdaten (Staat, Land, Bundesland)<\/li>\n<\/ul>\n\n\n\n<p>Die Daten werden tempor\u00e4r in den Logfiles des von uns genutzten Webservers gespeichert. Eine Speicherung dieser Daten zusammen mit anderen Ihrer personenbezogenen Daten findet nicht statt. Ihre Daten k\u00f6nnen von uns keinen bestimmten Personen zugeordnet werden. Wir verwenden diese technischen Protokolldaten nur zu statistischen Zwecken und zur Optimierung unserer Website und deren Sicherheit. Rechtsgrundlage f\u00fcr die vor\u00fcbergehende Speicherung der Daten und der Logfiles ist Art. 6 Abs. 1 lit. f DSGVO.<br><br>Die vor\u00fcbergehende Speicherung der IP-Adresse durch unseren Webserver ist notwendig, um eine Auslieferung der jeweils aufgerufenen Webseiten an Ihren Computer zu erm\u00f6glichen. Hierf\u00fcr muss die IP-Adresse des aufrufenden Computers f\u00fcr die Dauer der Sitzung gespeichert bleiben. Die Speicherung in Logfiles erfolgt, um die Funktionsf\u00e4higkeit der Website sicherzustellen. Zudem dienen uns die Daten zur Optimierung der Website und zur Sicherstellung der Sicherheit unserer informationstechnischen Systeme. Eine Auswertung der Daten zu Marketingzwecken findet in diesem Zusammenhang nicht statt. In den vorstehenden Zwecken liegt auch unser berechtigtes Interesse an der Datenverarbeitung nach Art. 6 Abs. 1 lit. f DSGVO.<br><br>Die gespeicherten Daten werden gel\u00f6scht, sobald sie f\u00fcr die Erreichung des Zweckes ihrer Erhebung nicht mehr erforderlich sind. Die Erfassung der Daten zur Bereitstellung der Website und die Speicherung der Daten in Logfiles ist f\u00fcr den Betrieb der Internetseite zwingend erforderlich. Es besteht daher keine Widerspruchs- und Beseitigungsm\u00f6glichkeit Ihrerseits.<\/p>\n\n\n\n<h2 class=\"wp-block-heading\">Weitere Infos<\/h2>\n\n\n\n<p>Wir behalten uns vor gegebenenfalls die Datenschutzerkl\u00e4rung anzupassen. Es werden zur zeit aber keine Cookies gesetzt oder Personenbezogene Daten abgfragt oder genutzt.<\/p>\n\n\n\n<p>Die einzigen Daten die gespeichert werden sind die Serverinternen unseres Webspace anbieters. Unsere Webseite wird auf den Servern der Firma Dogado.de gehostet. Die Datenchutzerkl\u00e4rung unseres Webhosting Anbieters finden sie&nbsp;<a href=\"https:\/\/www.dogado.de\/legal\/datenschutz\" target=\"_blank\" rel=\"noreferrer noopener\"><strong style=\"color: #FF2626\">&gt;&gt;&gt;hier&lt;&lt;&lt;<\/strong><\/a><\/p>\n\n\n\n<p><\/p>\n","protected":false},"excerpt":{"rendered":"<p>1. Genereller Umfang der Datenverarbeitung Datenschutz nimmt einen hohen Stellenwert in unserer Gesellschaft ein. Wir richten uns nach der Datenschutzgrundverordnung (DSGVO), welche die Verarbeitung personenbezogener Daten einheitlich f\u00fcr die gesamte Europ\u00e4ische Union regelt und andere nationale Datenschutzgesetze der Mitgliedsstaaten sowie sonstiger datenschutzrechtlicher Bestimmungen. Wir erheben, verarbeiten und nutzen personenbezogene Daten grunds\u00e4tzlich nur, soweit dies zur [&hellip;]<\/p>\n","protected":false},"author":1,"featured_media":0,"parent":0,"menu_order":0,"comment_status":"closed","ping_status":"open","template":"","meta":{"footnotes":""},"class_list":["post-3","page","type-page","status-publish","hentry"],"_links":{"self":[{"href":"https:\/\/taxi-ruf-euskirchen.de\/index.php\/wp-json\/wp\/v2\/pages\/3","targetHints":{"allow":["GET"]}}],"collection":[{"href":"https:\/\/taxi-ruf-euskirchen.de\/index.php\/wp-json\/wp\/v2\/pages"}],"about":[{"href":"https:\/\/taxi-ruf-euskirchen.de\/index.php\/wp-json\/wp\/v2\/types\/page"}],"author":[{"embeddable":true,"href":"https:\/\/taxi-ruf-euskirchen.de\/index.php\/wp-json\/wp\/v2\/users\/1"}],"replies":[{"embeddable":true,"href":"https:\/\/taxi-ruf-euskirchen.de\/index.php\/wp-json\/wp\/v2\/comments?post=3"}],"version-history":[{"count":1,"href":"https:\/\/taxi-ruf-euskirchen.de\/index.php\/wp-json\/wp\/v2\/pages\/3\/revisions"}],"predecessor-version":[{"id":41,"href":"https:\/\/taxi-ruf-euskirchen.de\/index.php\/wp-json\/wp\/v2\/pages\/3\/revisions\/41"}],"wp:attachment":[{"href":"https:\/\/taxi-ruf-euskirchen.de\/index.php\/wp-json\/wp\/v2\/media?parent=3"}],"curies":[{"name":"wp","href":"https:\/\/api.w.org\/{rel}","templated":true}]}}