{"id":133,"date":"2025-12-20T07:58:25","date_gmt":"2025-12-20T06:58:25","guid":{"rendered":"https:\/\/taxi-ruf-euskirchen.de\/?page_id=133"},"modified":"2025-12-20T08:09:34","modified_gmt":"2025-12-20T07:09:34","slug":"preisgestalltungen","status":"publish","type":"page","link":"https:\/\/taxi-ruf-euskirchen.de\/index.php\/preisgestalltungen\/","title":{"rendered":"Preisgestalltungen"},"content":{"rendered":"\n<p class=\"has-text-align-center\">Der Taxi-Tarif in ganz Euskirchen ist einheitlich und wird von der Stadt Euskirchen festgelegt.<\/p>\n\n\n\n<p class=\"has-text-align-center\"><br>Preis pro gefahrenen Kilometer (km):<\/p>\n\n\n\n<figure class=\"wp-block-table\"><table class=\"has-fixed-layout\"><tbody><tr><td class=\"has-text-align-center\" data-align=\"center\">Tarif<\/td><td class=\"has-text-align-center\" data-align=\"center\">Zeitraum<\/td><td class=\"has-text-align-center\" data-align=\"center\">Uhrzeit<\/td><td class=\"has-text-align-center\" data-align=\"center\">Preis pro gefahrenen Kilometern (km)<\/td><\/tr><tr><td class=\"has-text-align-center\" data-align=\"center\">Nr. 1<\/td><td class=\"has-text-align-center\" data-align=\"center\">Montags &#8211; Freitags<\/td><td class=\"has-text-align-center\" data-align=\"center\">06:00 &#8211; 22:00 Uhr<\/td><td class=\"has-text-align-center\" data-align=\"center\">2,70 \u20ac<\/td><\/tr><tr><td class=\"has-text-align-center\" data-align=\"center\">Nr. 2<\/td><td class=\"has-text-align-center\" data-align=\"center\">Montags &#8211; Freitags<\/td><td class=\"has-text-align-center\" data-align=\"center\">22:00 &#8211; 06:00<\/td><td class=\"has-text-align-center\" data-align=\"center\">2,90<\/td><\/tr><tr><td class=\"has-text-align-center\" data-align=\"center\">Nr. 2<\/td><td class=\"has-text-align-center\" data-align=\"center\">Samstags, Sonntags und Feiertags<\/td><td class=\"has-text-align-center\" data-align=\"center\">Ganztags (24h)<\/td><td class=\"has-text-align-center\" data-align=\"center\">2,90 \u20ac<\/td><\/tr><\/tbody><\/table><\/figure>\n\n\n\n<p class=\"has-text-align-center\"><br>F\u00fcr ein Gro\u00dfraumtaxi wird ein Zuschlag in H\u00f6he von 8,00 \u20ac berechnet.<\/p>\n\n\n\n<p class=\"has-text-align-center\"><br>F\u00fcr Krankentransporte, die mit der Krankenkasse abzurechnen sind, brauchen Sie sich um nichts zu k\u00fcmmern. Dies \u00fcbernehmen wir gerne f\u00fcr Sie.<\/p>\n\n\n\n<p>Aktuell seit <b style=\"color: red\"><u>04.2025<\/u><\/b><\/p>\n","protected":false},"excerpt":{"rendered":"<p>Der Taxi-Tarif in ganz Euskirchen ist einheitlich und wird von der Stadt Euskirchen festgelegt. Preis pro gefahrenen Kilometer (km): Tarif Zeitraum Uhrzeit Preis pro gefahrenen Kilometern (km) Nr. 1 Montags &#8211; Freitags 06:00 &#8211; 22:00 Uhr 2,70 \u20ac Nr. 2 Montags &#8211; Freitags 22:00 &#8211; 06:00 2,90 Nr. 2 Samstags, Sonntags und Feiertags Ganztags (24h) [&hellip;]<\/p>\n","protected":false},"author":1,"featured_media":0,"parent":0,"menu_order":0,"comment_status":"closed","ping_status":"closed","template":"","meta":{"footnotes":""},"class_list":["post-133","page","type-page","status-publish","hentry"],"_links":{"self":[{"href":"https:\/\/taxi-ruf-euskirchen.de\/index.php\/wp-json\/wp\/v2\/pages\/133","targetHints":{"allow":["GET"]}}],"collection":[{"href":"https:\/\/taxi-ruf-euskirchen.de\/index.php\/wp-json\/wp\/v2\/pages"}],"about":[{"href":"https:\/\/taxi-ruf-euskirchen.de\/index.php\/wp-json\/wp\/v2\/types\/page"}],"author":[{"embeddable":true,"href":"https:\/\/taxi-ruf-euskirchen.de\/index.php\/wp-json\/wp\/v2\/users\/1"}],"replies":[{"embeddable":true,"href":"https:\/\/taxi-ruf-euskirchen.de\/index.php\/wp-json\/wp\/v2\/comments?post=133"}],"version-history":[{"count":3,"href":"https:\/\/taxi-ruf-euskirchen.de\/index.php\/wp-json\/wp\/v2\/pages\/133\/revisions"}],"predecessor-version":[{"id":137,"href":"https:\/\/taxi-ruf-euskirchen.de\/index.php\/wp-json\/wp\/v2\/pages\/133\/revisions\/137"}],"wp:attachment":[{"href":"https:\/\/taxi-ruf-euskirchen.de\/index.php\/wp-json\/wp\/v2\/media?parent=133"}],"curies":[{"name":"wp","href":"https:\/\/api.w.org\/{rel}","templated":true}]}}